{"id":13,"date":"2023-11-16T17:30:52","date_gmt":"2023-11-16T16:30:52","guid":{"rendered":"https:\/\/oscarcruz.cormac-ind.com\/?page_id=13"},"modified":"2025-08-19T12:10:08","modified_gmt":"2025-08-19T18:10:08","slug":"13-2","status":"publish","type":"page","link":"https:\/\/oscarcruz.cormac-ind.com\/","title":{"rendered":""},"content":{"rendered":"\n<div class=\"wp-block-uagb-container uagb-block-a9044cbb alignfull uagb-is-root-container\"><div class=\"uagb-container__shape uagb-container__shape-bottom uagb-container__invert\" data-negative=\"false\"><svg xmlns=\"https:\/\/www.w3.org\/2000\/svg\" viewBox=\"0 0 1000 100\" preserveAspectRatio=\"none\"><path class=\"uagb-container__shape-fill\" d=\"M500,98.9L0,6.1V0h1000v6.1L500,98.9z\"><\/path><\/svg><\/div><div class=\"uagb-container-inner-blocks-wrap\">\n<div style=\"height:15px\" aria-hidden=\"true\" class=\"wp-block-spacer\"><\/div>\n\n\n\n<div class=\"wp-block-uagb-image aligncenter uagb-block-bcedbbe3 wp-block-uagb-image--layout-default wp-block-uagb-image--effect-static wp-block-uagb-image--align-center\"><figure class=\"wp-block-uagb-image__figure\"><a class=\"\" href=\"https:\/\/www.cormac-ind.com\/\" target=\"_blank\" rel=\"noreferrer noopener\"><img decoding=\"async\" srcset=\"https:\/\/oscarcruz.cormac-ind.com\/wp-content\/uploads\/2023\/11\/CormacIndustrial_B-1024x318.png ,https:\/\/oscarcruz.cormac-ind.com\/wp-content\/uploads\/2023\/11\/CormacIndustrial_B.png 780w, https:\/\/oscarcruz.cormac-ind.com\/wp-content\/uploads\/2023\/11\/CormacIndustrial_B.png 360w\" sizes=\"auto, (max-width: 480px) 150px\" src=\"https:\/\/oscarcruz.cormac-ind.com\/wp-content\/uploads\/2023\/11\/CormacIndustrial_B-1024x318.png\" alt=\"\" class=\"uag-image-52\" width=\"246\" height=\"76\" title=\"\" loading=\"lazy\" role=\"img\"\/><\/a><\/figure><\/div>\n\n\n\n<div class=\"wp-block-uagb-image aligncenter uagb-block-830867e2 wp-block-uagb-image--layout-default wp-block-uagb-image--effect-static wp-block-uagb-image--align-center\"><figure class=\"wp-block-uagb-image__figure\"><img decoding=\"async\" srcset=\"https:\/\/oscarcruz.cormac-ind.com\/wp-content\/uploads\/2024\/09\/OSCAR-CRUZ-1.webp ,https:\/\/oscarcruz.cormac-ind.com\/wp-content\/uploads\/2024\/09\/OSCAR-CRUZ-1.webp 780w, https:\/\/oscarcruz.cormac-ind.com\/wp-content\/uploads\/2024\/09\/OSCAR-CRUZ-1.webp 360w\" sizes=\"auto, (max-width: 480px) 150px\" src=\"https:\/\/oscarcruz.cormac-ind.com\/wp-content\/uploads\/2024\/09\/OSCAR-CRUZ-1.webp\" alt=\"\" class=\"uag-image-95\" width=\"200\" height=\"200\" title=\"OSCAR CRUZ\" loading=\"lazy\" role=\"img\"\/><\/figure><\/div>\n\n\n\n<div style=\"height:15px\" aria-hidden=\"true\" class=\"wp-block-spacer\"><\/div>\n<\/div><\/div>\n\n\n\n<div class=\"wp-block-uagb-advanced-heading uagb-block-dadbf1e3\"><h1 class=\"uagb-heading-text\">OSCAR CRUZ.<\/h1><\/div>\n\n\n\n<div class=\"wp-block-uagb-advanced-heading uagb-block-9327f3fe\"><h3 class=\"uagb-heading-text\">Representante Regional de Ventas<\/h3><\/div>\n\n\n\n<div class=\"wp-block-columns is-layout-flex wp-container-core-columns-is-layout-28f84493 wp-block-columns-is-layout-flex\">\n<div class=\"wp-block-column is-vertically-aligned-center is-layout-flow wp-block-column-is-layout-flow\" style=\"flex-basis:100%\">\n<div class=\"wp-block-uagb-container uagb-block-905c43fb alignfull uagb-is-root-container\"><div class=\"uagb-container-inner-blocks-wrap\">\n<div class=\"wp-block-uagb-buttons uagb-buttons__outer-wrap uagb-btn__default-btn uagb-btn-tablet__default-btn uagb-btn-mobile__default-btn uagb-block-50cdfc44\"><div class=\"uagb-buttons__wrap uagb-buttons-layout-wrap \">\n<div class=\"wp-block-uagb-buttons-child uagb-buttons__outer-wrap uagb-block-b10d35f3 wp-block-button\"><div class=\"uagb-button__wrapper\"><a class=\"uagb-buttons-repeater wp-block-button__link\" aria-label=\"\" href=\"https:\/\/api.whatsapp.com\/send?phone=524272754746&amp;text=Hola%20Oscar,%20me%20interesa%20contactarte\" rel=\"follow noopener\" target=\"_blank\" role=\"button\"><span class=\"uagb-button__icon uagb-button__icon-position-before\"><svg xmlns=\"https:\/\/www.w3.org\/2000\/svg\" viewBox=\"0 0 448 512\" aria-hidden=\"true\" focussable=\"false\"><path d=\"M380.9 97.1C339 55.1 283.2 32 223.9 32c-122.4 0-222 99.6-222 222 0 39.1 10.2 77.3 29.6 111L0 480l117.7-30.9c32.4 17.7 68.9 27 106.1 27h.1c122.3 0 224.1-99.6 224.1-222 0-59.3-25.2-115-67.1-157zm-157 341.6c-33.2 0-65.7-8.9-94-25.7l-6.7-4-69.8 18.3L72 359.2l-4.4-7c-18.5-29.4-28.2-63.3-28.2-98.2 0-101.7 82.8-184.5 184.6-184.5 49.3 0 95.6 19.2 130.4 54.1 34.8 34.9 56.2 81.2 56.1 130.5 0 101.8-84.9 184.6-186.6 184.6zm101.2-138.2c-5.5-2.8-32.8-16.2-37.9-18-5.1-1.9-8.8-2.8-12.5 2.8-3.7 5.6-14.3 18-17.6 21.8-3.2 3.7-6.5 4.2-12 1.4-32.6-16.3-54-29.1-75.5-66-5.7-9.8 5.7-9.1 16.3-30.3 1.8-3.7 .9-6.9-.5-9.7-1.4-2.8-12.5-30.1-17.1-41.2-4.5-10.8-9.1-9.3-12.5-9.5-3.2-.2-6.9-.2-10.6-.2-3.7 0-9.7 1.4-14.8 6.9-5.1 5.6-19.4 19-19.4 46.3 0 27.3 19.9 53.7 22.6 57.4 2.8 3.7 39.1 59.7 94.8 83.8 35.2 15.2 49 16.5 66.6 13.9 10.7-1.6 32.8-13.4 37.4-26.4 4.6-13 4.6-24.1 3.2-26.4-1.3-2.5-5-3.9-10.5-6.6z\"><\/path><\/svg><\/span><div class=\"uagb-button__link\">427 275 4746<\/div><\/a><\/div><\/div>\n<\/div><\/div>\n\n\n\n<div class=\"wp-block-uagb-buttons uagb-buttons__outer-wrap uagb-btn__default-btn uagb-btn-tablet__default-btn uagb-btn-mobile__default-btn uagb-block-b2de4916\"><div class=\"uagb-buttons__wrap uagb-buttons-layout-wrap \">\n<div class=\"wp-block-uagb-buttons-child uagb-buttons__outer-wrap uagb-block-a3c43cc9 wp-block-button\"><div class=\"uagb-button__wrapper\"><a class=\"uagb-buttons-repeater wp-block-button__link\" aria-label=\"\" href=\"mailto:ocruz@cormac-ind.com\" rel=\"follow noopener\" target=\"_blank\" role=\"button\"><span class=\"uagb-button__icon uagb-button__icon-position-before\"><svg xmlns=\"https:\/\/www.w3.org\/2000\/svg\" viewBox=\"0 0 512 512\" aria-hidden=\"true\" focussable=\"false\"><path d=\"M464 64C490.5 64 512 85.49 512 112C512 127.1 504.9 141.3 492.8 150.4L275.2 313.6C263.8 322.1 248.2 322.1 236.8 313.6L19.2 150.4C7.113 141.3 0 127.1 0 112C0 85.49 21.49 64 48 64H464zM217.6 339.2C240.4 356.3 271.6 356.3 294.4 339.2L512 176V384C512 419.3 483.3 448 448 448H64C28.65 448 0 419.3 0 384V176L217.6 339.2z\"><\/path><\/svg><\/span><div class=\"uagb-button__link\">ocruz@cormac-ind.com<\/div><\/a><\/div><\/div>\n<\/div><\/div>\n\n\n\n<div class=\"wp-block-uagb-buttons uagb-buttons__outer-wrap uagb-btn__default-btn uagb-btn-tablet__default-btn uagb-btn-mobile__default-btn uagb-block-a077b192\"><div class=\"uagb-buttons__wrap uagb-buttons-layout-wrap \">\n<div class=\"wp-block-uagb-buttons-child uagb-buttons__outer-wrap uagb-block-6781882d wp-block-button\"><div class=\"uagb-button__wrapper\"><a class=\"uagb-buttons-repeater wp-block-button__link\" aria-label=\"\" href=\"tel:4272754746\" rel=\"follow noopener\" target=\"_blank\" role=\"button\"><span class=\"uagb-button__icon uagb-button__icon-position-before\"><svg xmlns=\"https:\/\/www.w3.org\/2000\/svg\" viewBox=\"0 0 320 512\" aria-hidden=\"true\" focussable=\"false\"><path d=\"M0 64C0 28.65 28.65 0 64 0H256C291.3 0 320 28.65 320 64V448C320 483.3 291.3 512 256 512H64C28.65 512 0 483.3 0 448V64zM64 232C64 245.3 74.75 256 88 256H232C245.3 256 256 245.3 256 232V152C256 138.7 245.3 128 232 128H88C74.75 128 64 138.7 64 152V232zM80 352C93.25 352 104 341.3 104 328C104 314.7 93.25 304 80 304C66.75 304 56 314.7 56 328C56 341.3 66.75 352 80 352zM80 384C66.75 384 56 394.7 56 408C56 421.3 66.75 432 80 432C93.25 432 104 421.3 104 408C104 394.7 93.25 384 80 384zM160 352C173.3 352 184 341.3 184 328C184 314.7 173.3 304 160 304C146.7 304 136 314.7 136 328C136 341.3 146.7 352 160 352zM160 384C146.7 384 136 394.7 136 408C136 421.3 146.7 432 160 432C173.3 432 184 421.3 184 408C184 394.7 173.3 384 160 384zM240 352C253.3 352 264 341.3 264 328C264 314.7 253.3 304 240 304C226.7 304 216 314.7 216 328C216 341.3 226.7 352 240 352zM240 384C226.7 384 216 394.7 216 408C216 421.3 226.7 432 240 432C253.3 432 264 421.3 264 408C264 394.7 253.3 384 240 384zM128 48C119.2 48 112 55.16 112 64C112 72.84 119.2 80 128 80H192C200.8 80 208 72.84 208 64C208 55.16 200.8 48 192 48H128z\"><\/path><\/svg><\/span><div class=\"uagb-button__link\">+52 427 275 4746<\/div><\/a><\/div><\/div>\n<\/div><\/div>\n<\/div><\/div>\n<\/div>\n<\/div>\n\n\n\n<div style=\"height:25px\" aria-hidden=\"true\" class=\"wp-block-spacer\"><\/div>\n\n\n\n<figure class=\"wp-block-image aligncenter size-full is-resized\"><img loading=\"lazy\" decoding=\"async\" width=\"300\" height=\"300\" src=\"https:\/\/oscarcruz.cormac-ind.com\/wp-content\/uploads\/2025\/08\/Oscar-C.png\" alt=\"\" class=\"wp-image-104\" style=\"object-fit:cover;width:150px;height:150px\" srcset=\"https:\/\/oscarcruz.cormac-ind.com\/wp-content\/uploads\/2025\/08\/Oscar-C.png 300w, https:\/\/oscarcruz.cormac-ind.com\/wp-content\/uploads\/2025\/08\/Oscar-C-150x150.png 150w\" sizes=\"auto, (max-width: 300px) 100vw, 300px\" \/><\/figure>\n\n\n\n<div class=\"wp-block-uagb-advanced-heading uagb-block-dbac2ef9\"><h3 class=\"uagb-heading-text\">Galer\u00eda<\/h3><div class=\"uagb-separator\"><\/div><\/div>\n\n\n\n<div class=\"wp-block-uagb-container uagb-block-06deda3f alignfull uagb-is-root-container\"><div class=\"uagb-container-inner-blocks-wrap\">\n<div class=\"wp-block-uagb-container uagb-block-27a014ef\">\n<figure class=\"wp-block-embed is-type-video is-provider-youtube wp-block-embed-youtube wp-embed-aspect-16-9 wp-has-aspect-ratio\" style=\"margin-top:0;margin-bottom:0\"><div class=\"wp-block-embed__wrapper\">\n<iframe loading=\"lazy\" title=\"Brazo articulado + balanc\u00edn 350 lbs. | Cormac Industrial \u00ae\" width=\"500\" height=\"281\" src=\"https:\/\/www.youtube.com\/embed\/nLALf7l9Q7w?feature=oembed\" frameborder=\"0\" allow=\"accelerometer; autoplay; clipboard-write; encrypted-media; gyroscope; picture-in-picture; web-share\" referrerpolicy=\"strict-origin-when-cross-origin\" allowfullscreen><\/iframe>\n<\/div><figcaption class=\"wp-element-caption\"><strong>Brazo articulado + balanc\u00edn 350 lbs.<\/strong><\/figcaption><\/figure>\n<\/div>\n\n\n\n<div class=\"wp-block-uagb-container uagb-block-1791ccd6\">\n<figure class=\"wp-block-embed is-type-video is-provider-youtube wp-block-embed-youtube wp-embed-aspect-16-9 wp-has-aspect-ratio\"><div class=\"wp-block-embed__wrapper\">\n<iframe loading=\"lazy\" title=\"Manipulador para toldo interior | Cormac Industrial \u00ae\" width=\"500\" height=\"281\" src=\"https:\/\/www.youtube.com\/embed\/PqdDm-bCU80?start=3&#038;feature=oembed\" frameborder=\"0\" allow=\"accelerometer; autoplay; clipboard-write; encrypted-media; gyroscope; picture-in-picture; web-share\" referrerpolicy=\"strict-origin-when-cross-origin\" allowfullscreen><\/iframe>\n<\/div><figcaption class=\"wp-element-caption\"><strong>Manipulador para toldo interior<\/strong>.<\/figcaption><\/figure>\n<\/div>\n\n\n\n<div class=\"wp-block-uagb-container uagb-block-f0d5efe9\">\n<figure class=\"wp-block-embed is-type-video is-provider-youtube wp-block-embed-youtube wp-embed-aspect-16-9 wp-has-aspect-ratio\"><div class=\"wp-block-embed__wrapper\">\n<iframe loading=\"lazy\" title=\"MANIPULADOR PARA CARGA Y DESCARGA\" width=\"500\" height=\"281\" src=\"https:\/\/www.youtube.com\/embed\/jTZL5OywOnA?start=15&#038;feature=oembed\" frameborder=\"0\" allow=\"accelerometer; autoplay; clipboard-write; encrypted-media; gyroscope; picture-in-picture; web-share\" referrerpolicy=\"strict-origin-when-cross-origin\" allowfullscreen><\/iframe>\n<\/div><figcaption class=\"wp-element-caption\"><strong>Manipulador para carga y descarga + brazo articulado.<\/strong><\/figcaption><\/figure>\n<\/div>\n\n\n\n<div class=\"wp-block-uagb-container uagb-block-aec4df64\">\n<figure class=\"wp-block-embed is-type-video is-provider-youtube wp-block-embed-youtube wp-embed-aspect-16-9 wp-has-aspect-ratio\"><div class=\"wp-block-embed__wrapper\">\n<iframe loading=\"lazy\" title=\"MANIPULADOR PARA CARGA Y DESCARGA DE PIEZA.\" width=\"500\" height=\"281\" src=\"https:\/\/www.youtube.com\/embed\/uq4I_6aYWq0?feature=oembed\" frameborder=\"0\" allow=\"accelerometer; autoplay; clipboard-write; encrypted-media; gyroscope; picture-in-picture; web-share\" referrerpolicy=\"strict-origin-when-cross-origin\" allowfullscreen><\/iframe>\n<\/div><figcaption class=\"wp-element-caption\"><strong>Manipulador para carga y descarga de pieza.<\/strong><\/figcaption><\/figure>\n<\/div>\n<\/div><\/div>\n\n\n\n<div class=\"wp-block-uagb-advanced-heading uagb-block-6e00a338\"><h3 class=\"uagb-heading-text\">Ubicaci\u00f3n<\/h3><div class=\"uagb-separator\"><\/div><\/div>\n\n\n\n<div class=\"wp-block-uagb-container uagb-block-d9aa756a alignfull uagb-is-root-container\"><div class=\"uagb-container-inner-blocks-wrap\">\t\t\t<div \n\t\t\tclass=\"wp-block-uagb-google-map uagb-google-map__wrap uagb-block-a73e8db0     \"\n\t\t\tstyle=\"\" >\n\t\t\t\t<embed\n\t\t\t\t\tclass=\"uagb-google-map__iframe\"\n\t\t\t\t\ttitle=\"Mapa de Google de\"\n\t\t\t\t\tsrc=\"https:\/\/maps.google.com\/maps?q=Benito%20Ju%C3%A1rez%20No.%2072%20San%20Pedro%20Ahuacatl%C3%A1n%2C%2076810%20Santiago%20de%20Quer%C3%A9taro%2C%20Quer%C3%A9taro&#038;z=10&#038;hl=es&#038;t=m&#038;output=embed&#038;iwloc=near\"\n\t\t\t\t\twidth=\"640\"\n\t\t\t\t\theight=\"269\"\n\t\t\t\t\tloading=\"lazy\"\n\t\t\t\t><\/embed>\n\t\t\t<\/div>\n\t\t\t<\/div><\/div>\n\n\n\n<div class=\"wp-block-uagb-advanced-heading uagb-block-ff52769f\"><h6 class=\"uagb-heading-text\">Benito Ju\u00e1rez No. 72 San Pedro Ahuacatl\u00e1n, C. P. 76810 San Juan del R\u00edo, Quer\u00e9taro, M\u00e9x.<\/h6><\/div>\n\n\n\n<div style=\"height:25px\" aria-hidden=\"true\" class=\"wp-block-spacer\"><\/div>\n\n\n\n<div class=\"wp-block-uagb-advanced-heading uagb-block-15519770\"><h3 class=\"uagb-heading-text\">QR<\/h3><div class=\"uagb-separator\"><\/div><\/div>\n\n\n\n<div class=\"wp-block-uagb-image aligncenter uagb-block-c0283173 wp-block-uagb-image--layout-default wp-block-uagb-image--effect-static wp-block-uagb-image--align-center\"><figure class=\"wp-block-uagb-image__figure\"><img decoding=\"async\" srcset=\"https:\/\/oscarcruz.cormac-ind.com\/wp-content\/uploads\/2024\/09\/sitio.png ,https:\/\/oscarcruz.cormac-ind.com\/wp-content\/uploads\/2024\/09\/sitio.png 780w, https:\/\/oscarcruz.cormac-ind.com\/wp-content\/uploads\/2024\/09\/sitio.png 360w\" sizes=\"auto, (max-width: 480px) 150px\" src=\"https:\/\/oscarcruz.cormac-ind.com\/wp-content\/uploads\/2024\/09\/sitio.png\" alt=\"\" class=\"uag-image-90\" width=\"236\" height=\"236\" title=\"sitio\" loading=\"lazy\" role=\"img\"\/><\/figure><\/div>\n\n\n\n<div style=\"height:25px\" aria-hidden=\"true\" class=\"wp-block-spacer\"><\/div>\n","protected":false},"excerpt":{"rendered":"<p>OSCAR CRUZ. Representante Regional de Ventas Galer\u00eda Ubicaci\u00f3n Benito Ju\u00e1rez No. 72 San Pedro Ahuacatl\u00e1n, C. P. 76810 San Juan del R\u00edo, Quer\u00e9taro, M\u00e9x. QR<\/p>\n","protected":false},"author":1,"featured_media":0,"parent":0,"menu_order":0,"comment_status":"closed","ping_status":"closed","template":"","meta":{"_uag_custom_page_level_css":"","site-sidebar-layout":"default","site-content-layout":"","ast-site-content-layout":"default","site-content-style":"default","site-sidebar-style":"default","ast-global-header-display":"","ast-banner-title-visibility":"","ast-main-header-display":"","ast-hfb-above-header-display":"","ast-hfb-below-header-display":"","ast-hfb-mobile-header-display":"","site-post-title":"","ast-breadcrumbs-content":"","ast-featured-img":"","footer-sml-layout":"","ast-disable-related-posts":"","theme-transparent-header-meta":"","adv-header-id-meta":"","stick-header-meta":"","header-above-stick-meta":"","header-main-stick-meta":"","header-below-stick-meta":"","astra-migrate-meta-layouts":"default","ast-page-background-enabled":"default","ast-page-background-meta":{"desktop":{"background-color":"var(--ast-global-color-4)","background-image":"","background-repeat":"repeat","background-position":"center center","background-size":"auto","background-attachment":"scroll","background-type":"","background-media":"","overlay-type":"","overlay-color":"","overlay-opacity":"","overlay-gradient":""},"tablet":{"background-color":"","background-image":"","background-repeat":"repeat","background-position":"center center","background-size":"auto","background-attachment":"scroll","background-type":"","background-media":"","overlay-type":"","overlay-color":"","overlay-opacity":"","overlay-gradient":""},"mobile":{"background-color":"","background-image":"","background-repeat":"repeat","background-position":"center center","background-size":"auto","background-attachment":"scroll","background-type":"","background-media":"","overlay-type":"","overlay-color":"","overlay-opacity":"","overlay-gradient":""}},"ast-content-background-meta":{"desktop":{"background-color":"var(--ast-global-color-5)","background-image":"","background-repeat":"repeat","background-position":"center center","background-size":"auto","background-attachment":"scroll","background-type":"","background-media":"","overlay-type":"","overlay-color":"","overlay-opacity":"","overlay-gradient":""},"tablet":{"background-color":"var(--ast-global-color-5)","background-image":"","background-repeat":"repeat","background-position":"center center","background-size":"auto","background-attachment":"scroll","background-type":"","background-media":"","overlay-type":"","overlay-color":"","overlay-opacity":"","overlay-gradient":""},"mobile":{"background-color":"var(--ast-global-color-5)","background-image":"","background-repeat":"repeat","background-position":"center center","background-size":"auto","background-attachment":"scroll","background-type":"","background-media":"","overlay-type":"","overlay-color":"","overlay-opacity":"","overlay-gradient":""}},"footnotes":""},"class_list":["post-13","page","type-page","status-publish","hentry"],"uagb_featured_image_src":{"full":false,"thumbnail":false,"medium":false,"medium_large":false,"large":false,"1536x1536":false,"2048x2048":false},"uagb_author_info":{"display_name":"cormacads","author_link":"https:\/\/oscarcruz.cormac-ind.com\/index.php\/author\/cormacads\/"},"uagb_comment_info":0,"uagb_excerpt":"OSCAR CRUZ. Representante Regional de Ventas Galer\u00eda Ubicaci\u00f3n Benito Ju\u00e1rez No. 72 San Pedro Ahuacatl\u00e1n, C. P. 76810 San Juan del R\u00edo, Quer\u00e9taro, M\u00e9x. QR","_links":{"self":[{"href":"https:\/\/oscarcruz.cormac-ind.com\/index.php\/wp-json\/wp\/v2\/pages\/13","targetHints":{"allow":["GET"]}}],"collection":[{"href":"https:\/\/oscarcruz.cormac-ind.com\/index.php\/wp-json\/wp\/v2\/pages"}],"about":[{"href":"https:\/\/oscarcruz.cormac-ind.com\/index.php\/wp-json\/wp\/v2\/types\/page"}],"author":[{"embeddable":true,"href":"https:\/\/oscarcruz.cormac-ind.com\/index.php\/wp-json\/wp\/v2\/users\/1"}],"replies":[{"embeddable":true,"href":"https:\/\/oscarcruz.cormac-ind.com\/index.php\/wp-json\/wp\/v2\/comments?post=13"}],"version-history":[{"count":43,"href":"https:\/\/oscarcruz.cormac-ind.com\/index.php\/wp-json\/wp\/v2\/pages\/13\/revisions"}],"predecessor-version":[{"id":105,"href":"https:\/\/oscarcruz.cormac-ind.com\/index.php\/wp-json\/wp\/v2\/pages\/13\/revisions\/105"}],"wp:attachment":[{"href":"https:\/\/oscarcruz.cormac-ind.com\/index.php\/wp-json\/wp\/v2\/media?parent=13"}],"curies":[{"name":"wp","href":"https:\/\/api.w.org\/{rel}","templated":true}]}}